?
2
What is the tens digit of 104850?
5
What is the units digit of 1575765?
5
What is the units digit of 19130016?
6
What is the tens digit of 137429?
2
What is the hundreds digit of 2843341?
3
What is the thousands digit of 401937?
1
What is the tens digit of 934274?
7
What is the millions digit of 1229540?
1
What is the tens digit of 43001?
0
What is the units digit of 2837409?
9
What is the tens digit of 4672561?
6
What is the thousands digit of 211066?
1
What is the hundreds digit of 174509?
5
What is the tens digit of 530680?
8
What is the thousands digit of 473748?
3
What is the ten thousands digit of 19612714?
1
What is the thousands digit of 4805544?
5
What is the units digit of 65606?
6
What is the hundreds digit of 488766?
7
What is the ten thousands digit of 432720?
3
What is the tens digit of 109159?
5
What is the units digit of 3983945?
5
What is the millions digit of 7347526?
7
What is the millions digit of 1914137?
1
What is the ten thousands digit of 7393491?
9
What is the hundreds digit of 1153936?
9
What is the millions digit of 1379363?
1
What is the hundreds digit of 213323?
3
What is the tens digit of 219588?
8
What is the millions digit of 17241160?
7
What is the tens digit of 3751294?
9
What is the hundreds digit of 505944?
9
What is the ten millions digit of 21723864?
2
What is the units digit of 173027?
7
What is the ten thousands digit of 1110565?
1
What is the units digit of 521884?
4
What is the units digit of 3087774?
4
What is the millions digit of 9159188?
9
What is the units digit of 15853513?
3
What is the thousands digit of 1356096?
6
What is the millions digit of 11739951?
1
What is the ten thousands digit of 4937786?
3
What is the units digit of 332220?
0
What is the hundred thousands digit of 631453?
6
What is the ten thousands digit of 939707?
3
What is the hundreds digit of 218956?
9
What is the hundred thousands digit of 1723025?
7
What is the units digit of 3603529?
9
What is the units digit of 24076167?
7
What is the hundreds digit of 486474?
4
What is the millions digit of 5325077?
5
What is the hundreds digit of 362511?
5
What is the ten thousands digit of 6438757?
3
What is the thousands digit of 237022?
7
What is the thousands digit of 24251?
4
What is the ten thousands digit of 9241261?
4
What is the units digit of 1931261?
1
What is the hundreds digit of 2511952?
9
What is the tens digit of 1250370?
7
What is the units digit of 486465?
5
What is the units digit of 141150?
0
What is the ten thousands digit of 233973?
3
What is the thousands digit of 7092?
7
What is the hundreds digit of 304440?
4
What is the tens digit of 281840?
4
What is the hundreds digit of 1002567?
5
What is the hundred thousands digit of 1355068?
3
What is the millions digit of 1036153?
1
What is the ten thousands digit of 4818221?
1
What is the units digit of 1387767?
7
What is the ten thousands digit of 26562721?
6
What is the units digit of 587094?
4
What is the units digit of 24701377?
7
What is the ten thousands digit of 324036?
2
What is the ten thousands digit of 18061611?
6
What is the tens digit of 326914?
1
What is the hundred thousands digit of 290711?
2
What is the units digit of 850835?
5
What is the units digit of 10891488?
8
What is the hundreds digit of 503597?
5
What is the ten thousands digit of 5187713?
8
What is the hundreds digit of 231221?
2
What is the thousands digit of 109310?
9
What is the hundred thousands digit of 310954?
3
What is the ten thousands digit of 143447?
4
What is the units digit of 455064?
4
What is the hundred thousands digit of 235456?
2
What is the thousands digit of 57647?
7
What is the units digit of 9516500?
0
What is the ten thousands digit of 25484?
2
What is the tens digit of 1200533?
3
What is the hundreds digit of 7159593?
5
What is the millions digit of 2907707?
2
What is the hundred thousands digit of 22913013?
9
What is the hundred thousands digit of 8725011?
7
What is the ten thousands digit of 9989063?
8
What is the tens digit of 184356?
5
What is the ten thousands digit of 34714?
3
What is the tens digit of 381394?
9
What is the thousands digit of 23440752?
0
What is the millions digit of 3051518?
3
What is the ten thousands digit of 106967?
0
What is the hundred thousands digit of 746187?
7
What is the tens digit of 6317313?
1
What is the thousands digit of 1972206?
2
What is the thousands digit of 450907?
0
What is the ten thousands digit of 70028?
7
What is the hundreds digit of 667153?
1
What is the millions digit of 9200397?
9
What is the hundreds digit of 78839?
8
What is the thousands digit of 1222643?
2
What is the tens digit of 445698?
9
What is the thousands digit of 529236?
9
What is the thousands digit of 370972?
0
What is the hundreds digit of 562291?
2
What is the tens digit of 805717?
1
What is the ten thousands digit of 300184?
0
What is the millions digit of 5351164?
5
What is the thousands digit of 5256368?
6
What is the hundred thousands digit of 19677611?
6
What is the tens digit of 849680?
8
What is the thousands digit of 6895594?
5
What is the hundred thousands digit of 8422481?
4
What is the hundred thousands digit of 2632049?
6
What is the hundred thousands digit of 10886089?
8
What is the thousands digit of 46726?
6
What is the ten thousands digit of 155891?
5
What is the hundreds digit of 329676?
6
What is the thousands digit of 313650?
3
What is the thousands digit of 84502?
4
What is the units digit of 302937?
7
What is the ten thousands digit of 13373546?
7
What is the thousands digit of 3553908?
3
What is the units digit of 795432?
2
What is the ten thousands digit of 1969104?
6
What is the tens digit of 1215065?
6
What is the thousands digit of 2327254?
7
What is the tens digit of 614423?
2
What is the thousands digit of 19120741?
0
What is the hundreds digit of 904000?
0
What is the hundred thousands digit of 314313?
3
What is the units digit of 3839972?
2
What is the tens digit of 4042873?
7
What is the hundreds digit of 1169495?
4
What is the hundred thousands digit of 14376138?
3
What is the millions digit of 8973512?
8
What is the hundred thousands digit of 3260671?
2
What is the units digit of 9384443?
3
What is the hundred thousands digit of 1518204?
5
What is the millions digit of 1494059?
1
What is the ten thousands digit of 181427?
8
What is the units digit of 702361?
1
What is the tens digit of 1962857?
5
What is the ten thousands digit of 9111571?
1
What is the thousands digit of 4214358?
4
What is the tens digit of 21190924?
2
What is the units digit of 1331679?
9
What is the hundred thousands digit of 2758651?
7
What is the millions digit of 1640686?
1
What is the hundred thousands digit of 12525455?
5
What is the hundreds digit of 339334?
3
What is the units digit of 21855962?
2
What is the thousands digit of 4198738?
8
What is the units digit of 5049258?
8
What is the thousands digit of 323658?
3
What is the ten thousands digit of 4247111?
4
What is the tens digit of 10261562?
6
What is the units digit of 986595?
5
What is the tens digit of 103179?
7
What is the ten thousands digit of 532186?
3
What is the hundreds digit of 853242?
2
What is the tens digit of 473196?
9
What is the ten millions digit of 10879377?
1
What is the hundred thousands digit of 609602?
6
What is the tens digit of 726775?
7
What is the hundred thousands digit of 8102068?
1
What is the ten thousands digit of 11171387?
7
What is the units digit of 7819746?
6
What is the hundreds digit of 440302?
3
What is the hundreds digit of 1689328?
3
What is the hundreds digit of 1186777?
7
What is the thousands digit of 2497105?
7
What is the hundred thousands digit of 690275?
6
What is the tens digit of 6551769?
6
What is the units digit of 5569434?
4
What is the units digit of 2021741?
1
What is the units digit of 10050476?
6
What is the ten thousands digit of 773655?
7
What is the hundreds digit of 1000328?
3
What is the tens digit of 133966?
6
What is the units digit of 1239096?
6
What is the thousands digit of 93785?
3
What is the millions digit of 1061533?
1
What is the hundred thousands digit of 245452?
2
What is the ten thousands digit of 795002?
9
What is the tens digit of 28181806?
0
What is the hundreds digit of 395710?
7
What is the millions dig